11, 59
Suppose r + 5*y - 18 = 0, 22*r - 18*r = -3*y + 21. Suppose f + 224 = 3*i - 91, r*i + 3*f - 303 = 0. List the prime factors of i.
2, 13
Suppose 4*s = 7 + 21, 2*q = 2*s + 9806. What are the prime factors of q?
2, 5, 491
Let i = 777 - -588. Suppose -3*y - 7*a = -5*a - 1386, -3*y + 5*a + i = 0. What are the prime factors of y?
2, 5, 23
Suppose -3*f - g = -10 - 2, 5*f + 2*g = 20. Suppose -t - 3 = 0, 4*y - f*t - 328 = 544. Let l = y - 121. List the prime factors of l.
2, 47
Suppose 366*u = 360*u + 199068. List the prime factors of u.
2, 53, 313
Let n(x) = x**2 - 7*x - 26. Let r = -34 - -39. Suppose r*c - 2*j = 2*c - 33, -3*j = -4*c - 44. List the prime factors of n(c).
2, 43
Let c(k) be the second derivative of 31*k**5/20 - 7*k**4/6 + 23*k**3/3 + 2*k**2 - 2*k - 109. What are the prime factors of c(3)?
853
Suppose 24 = 5*p + 7*p. Suppose -c = -224 - p. List the prime factors of c.
2, 113
Let r be 0 + 8/(-2) - -1 - -26. Suppose -370 = -r*i + 780. What are the prime factors of i?
2, 5
Let b = -215 - -308. Suppose 2*c = 3*q - 15, 6 = -q + 11. Let d = b - c. What are the prime factors of d?
3, 31
List the prime factors of 3*(-5)/(-90) - (9246/(-36) + 0).
257
Let d = -362 + 354. Let a = d + 870. List the prime factors of a.
2, 431
Let v(n) = -3*n + 33. Let q be v(9). Suppose -i = m - 25, q*m - 2*m = 3*i + 114. Let g(b) = b**2 - 21*b - 33. What are the prime factors of g(m)?
3, 43
Let b(j) = 4*j**2 - 9*j - 201. Let m be b(11). Let d = -110 - -192. Let o = m - d. List the prime factors of o.
2, 3, 17
Let b(t) = 142*t**2 - 2*t + 2. Let f be b(-3). Let l = -262 + f. What are the prime factors of l?
2
Let m(k) = 460*k**3 + 5*k**2 - 3*k - 5. List the prime factors of m(2).
7, 17, 31
Let l(r) be the first derivative of 97*r**4/2 - 3*r**2/2 + 2*r + 1. Let o be l(1). Suppose 0 = -d - 10 + o. List the prime factors of d.
3, 61
Let v = 16782 - 11891. What are the prime factors of v?
67, 73
Let g(o) = o**3 - 10*o**2 - 6*o - 13. Let v(l) = 21*l**3 + l**2 - l + 1. Let b be v(1). Suppose p - b = -p. What are the prime factors of g(p)?
2, 3, 7
Let u = -55 + -63. Let v = 13 + u. Let p = 184 + v. List the prime factors of p.
79
Let t(u) be the first derivative of 8*u**2 + 319*u - 338. List the prime factors of t(-18).
31
Suppose -41*r = -10*r - 18*r - 344604. What are the prime factors of r?
2, 3, 47
Let a(c) = 1101*c + 902. What are the prime factors of a(11)?
7, 11, 13
Suppose -3*w + 358 = k, -3*k - 251 = -5*w + 327. Suppose -w*g + 116*g + 3358 = 0. What are the prime factors of g?
23, 73
What are the prime factors of (9234/(-304) - -30) + 2 + (-178139)/(-8)?
3, 13, 571
Suppose n + 104 = 9*n. Suppose -w - 3552 = -n*w. What are the prime factors of w?
2, 37
Suppose -c = -2, 2*a + 3856*c - 3855*c - 149004 = 0. What are the prime factors of a?
7, 29, 367
Suppose 9*v - 55 = 14*v. Let u = -17 - v. List the prime factors of (u + 357)*2/6.
3, 13
Suppose 3*c - 3*u - 27 = 0, -37 = -3*c - 2*c + 3*u. Suppose -c*s + 15 = 0, 3*l + 4*s = -s + 39. What are the prime factors of (4/(-1))/(l + -10)?
2
Let f(m) = m**3 - 71*m**2 - 175*m + 520. What are the prime factors of f(77)?
22619
Let o be 203/21*3*6. Let n = 240 - o. What are the prime factors of n?
2, 3, 11
Let z = 340 + -776. Let a = z - -1181. What are the prime factors of a?
5, 149
Let p = 473 + -469. Suppose 5*z = -2*v + 1806, -2*v - p*z + 1352 + 456 = 0. List the prime factors of v.
2, 227
Let b(z) = -16*z**3 + 6*z**2 - 7*z + 1. Let r be b(4). Let s = -545 - r. What are the prime factors of s?
2, 5, 41
Let c(p) = -2*p + 15 + p + 42*p**2 + 1 + 7*p. List the prime factors of c(-5).
2, 7, 37
Suppose 0 = 164*p - 145*p - 16720. List the prime factors of p.
2, 5, 11
List the prime factors of (456/171)/(8/41508).
2, 3, 1153
Let t(v) = 61*v**2 + 295*v - 7487. List the prime factors of t(24).
34729
Suppose 5*z = 5*p + 3606 + 284, -z + 786 = p. Suppose 4*u = z + 1058. List the prime factors of u.
2, 5, 23
Let q = 28491 + -20044. What are the prime factors of q?
8447
Suppose 25*a - 27*a - 2*z = 4, 0 = 4*a + 2*z + 12. What are the prime factors of 2*a/(-10) - (-4281)/5?
857
Suppose 5 = -3*q + 2. Let z(o) = -192*o**3 - o**2 + o + 1. Let d be z(q). Let p = d - 7. What are the prime factors of p?
2, 23
Let h = 2285 + 11717. What are the prime factors of h?
2, 7001
Let f(d) = -10*d**3 + 10*d**2 - 6*d + 9. Let l be f(6). Let s = -1149 - l. What are the prime factors of s?
2, 3, 113
Let t(w) = -58*w - 244. Suppose -29*h + 30 = -34*h. What are the prime factors of t(h)?
2, 13
Suppose -5*a + 15 = 40, 0 = -3*w + 4*a + 87692. List the prime factors of w.
2, 13, 281
Let s = -4379 - -52581. List the prime factors of s.
2, 7, 11, 313
Let o = -484 - -482. List the prime factors of (-7474)/(-10) - o/(-50)*10.
3, 83
Let g(j) be the second derivative of 11*j**6/720 - j**5/24 - j**4/6 - 2*j. Let f(c) be the third derivative of g(c). What are the prime factors of f(4)?
3, 13
Suppose -6*y = -4*y - 14. Suppose -507 - 1334 = -y*v. List the prime factors of v.
263
Suppose -3*h = a - 23584, -37*h - 4*a = -33*h - 31464. List the prime factors of h.
29, 271
Let z = -78 - -152. Let j = z + -46. List the prime factors of 4/((1/6)/(7/j)).
2, 3
Suppose 5*v - 206 + 640 = 2*q, 0 = 5*q + 3*v - 1116. What are the prime factors of ((-582)/5)/(7 + q/(-30))?
3, 97
Suppose -5*u + 0*u = -a - 2083, -829 = -2*u - a. Let k = u + -140. Suppose 3*b = 141 + k. List the prime factors of b.
139
Suppose -5*m + 4*y = 5861, 4*m = 7*y - 12*y - 4697. Let h = m + 1912. What are the prime factors of h?
739
Suppose -2*t = -n - 324, 0 = -6*t + t + 3*n + 811. Suppose t - 16 = 5*p. Suppose 4*x = 3*s + p, 2*s = -0*x - 2*x + 4. What are the prime factors of x?
5
Suppose -286*m = -290*m + 11796. List the prime factors of m.
3, 983
Let r(p) = p**3 - 4*p**2 + 6*p - 7. Let x be r(3). Let k be 6/(-18)*(1 - 25). What are the prime factors of 4/k + 153/x?
7, 11
Suppose 0 = -12*c + 9*c + 12. Let g(p) be the second derivative of 5*p**3/3 + 8*p**2 - p. What are the prime factors of g(c)?
2, 7
Let w be (-9 - -8)*2*2/4. Let z be (-19)/w - 16/4. Let c(u) = -u**2 + 19*u. List the prime factors of c(z).
2, 3, 5
Let x = 278 - 278. What are the prime factors of (2 + 512)/(5 + -3 + x)?
257
Suppose 0 = -4*f + 6375 + 2677. Suppose -4*y = -r - y + 459, -5*r = y - f. What are the prime factors of r?
3, 151
Suppose 165*d - 166*d = 3*r - 94940, 0 = -5*d + 40. What are the prime factors of r?
2, 3, 293
Let o be (-1)/((4 + 93/(-24))*2). Let v be (12/o)/(2*6/(-8)). Suppose -v*q - 6*q = -2040. What are the prime factors of q?
3, 5, 17
Suppose -2*z + 57618 = 13*l, 2*z + 3*z - 144167 = -2*l. What are the prime factors of z?
5, 73, 79
Let i(l) = 2*l + 71. Suppose -5*o + 23 = -q, 0 = -q - o - 9 - 8. What are the prime factors of i(q)?
5, 7
Suppose 2*k - 23992 = 2*p, 10531 - 46514 = -3*k + 4*p. List the prime factors of k.
11, 1091
Let u(t) = 43*t**2 + 3*t - 3. Let r be u(4). Let q(g) = -12 + 699*g + g**3 - r*g - g**2 + 13*g**2. List the prime factors of q(-11).
3, 29
Let g(b) = -41*b**2 - 2*b + 2. Let t be g(1). List the prime factors of (8/10)/(t/(-38130)).
2, 3, 31
Let l(b) = 20*b**3 + 4*b**2 + 51*b - 130. What are the prime factors of l(5)?
5, 109
Let o be 29 - (9/(-9) + -1 + 3). Let z = o - 12. Suppose 0 = -z*n + 11*n + 680. List the prime factors of n.
2, 17
Let y be 0/(-2*(-1)/2). Suppose y = 31*v - 34*v + 342. List the prime factors of v.
2, 3, 19
Let g be 13/(-8) + (-10 - 616/(-64)). Let n(j) = 42*j**2 - 18*j - 28. List the prime factors of n(g).
2, 11
Let z(f) = f + 1. Let p(y) = 5*y + 1. Let v(j) = -p(j) + 4*z(j). Let b be v(3). Suppose -2*x + 32 = -b. What are the prime factors of x?
2
Suppose -1520925 = -58*m - 132927. What are the prime factors of m?
3, 2659
Let p = 17243 + -11045. List the prime factors of p.
2, 3, 1033
Let u(y) = y**2 - 3*y + 2. Let g be u(3). Let q be -21 + (-7 + g)*(-2)/(-5). Let i = q - -61. List the prime factors of i.
2, 19
Let l(z) = z**2 - z + 1. Let w(s) = 126*s**2 - 10*s + 6. Suppose -11*p + 4 = -7*p. Let h(k) = p*w(k) - 5*l(k). List the prime factors of h(1).
3, 13
Suppose 1002 = -6*t + 1446. List the prime factors of t.
2, 37
Let j(d) = d**2 + 10*d - 1. Let a be j(-6). Let o = -15 - a. List the prime factors of o.
2, 5
Suppose 19*p = 126223 + 128605. List the prime factors of 